 = -453*k + 8136. Calculate w(18).
-18
Let r(s) = -2*s**3 - 37*s**2 + 23*s - 54. Calculate r(-19).
-130
Let r(d) = d**2 - 13*d - 113. Determine r(-6).
1
Let d(n) = n**2 + n - 442. What is d(21)?
20
Let j(a) = -6*a**2 - 403*a + 5708. What is j(12)?
8
Let c(u) = -3*u**2 - 11*u + 1850. Give c(23).
10
Let n(f) = -f**3 - 32*f**2 + 72*f + 138. Determine n(-34).
2
Let h(b) = -b**3 - b**2 + 111*b + 39. Calculate h(0).
39
Let j(o) = 11*o + 33. What is j(-4)?
-11
Let i(q) = -97*q + 825. What is i(8)?
49
Let m(y) = y**3 - 14*y**2 - 40*y + 21. What is m(16)?
-107
Let s(o) = 375*o - 2642. Determine s(7).
-17
Let p(u) = 3*u**2 - 82*u - 118. Give p(29).
27
Let v(i) = -26*i**3 - 2*i**2 - 12*i + 23. Calculate v(2).
-217
Let o(w) = -3*w**2 - 8*w + 16. Give o(-5).
-19
Let i(r) = -2*r**2 + 113*r - 335. What is i(3)?
-14
Let s(h) = h**2 + 22*h + 116. Determine s(-17).
31
Let m(t) = -11*t**2 + 881*t - 87. What is m(80)?
-7
Let f(m) = 15*m - 400. Calculate f(27).
5
Let q(g) = -111*g**2 - 323*g + 31. Determine q(-3).
1
Let m(z) = 607*z**2 - 4255*z + 11. Give m(7).
-31
Let r(k) = 394*k - 66. What is r(0)?
-66
Let i(o) = o**3 - 108*o**2 - 235*o + 1677. Determine i(110).
27
Let z(p) = -2*p**3 - 226*p**2 + 4*p + 391. Calculate z(-113).
-61
Let r(w) = w**3 + 17*w**2 - w - 1. Give r(-18).
-307
Let d(u) = 34*u - 40. Determine d(8).
232
Let t(s) = -240*s + 1689. Calculate t(7).
9
Let a(x) = 2*x**3 - 47*x**2 + x - 587. Calculate a(24).
13
Let n(t) = 38*t + 181. Give n(-5).
-9
Let o(x) = -x**3 - 22*x**2 - 44*x - 9. Determine o(-20).
71
Let v(q) = 2*q**3 - 66*q**2 + 65*q - 36. Give v(32).
-4
Let q(c) = 3*c - 43. What is q(-15)?
-88
Let m(o) = -o**3 + 5*o - 31. Calculate m(0).
-31
Let j(w) = -3*w**3 + 14*w**2 - 6*w + 17. Calculate j(4).
25
Let r(n) = n**3 + 222*n**2 - 2*n - 441. Determine r(-222).
3
Let d(l) = -2*l**3 - 15*l**2 - 34*l - 16. Calculate d(-2).
8
Let x(u) = 28*u**2 - 3*u + 14. Give x(3).
257
Let z(p) = -p**3 + 10*p**2 - 2*p - 4. Determine z(-2).
48
Let l(x) = 4*x**3 + x**2 + 7*x + 7. What is l(-2)?
-35
Let p(s) = -4*s**3 - 4*s**2 + 15*s - 17. Give p(5).
-542
Let n(p) = -13*p**2 - 604*p - 863. What is n(-45)?
-8
Let t(g) = g**2 + 33*g - 37. Calculate t(-21).
-289
Let j(t) = -t**3 - 14*t**2 - 153*t - 545. Determine j(-5).
-5
Let u(c) = 3*c**3 - 8*c**2 + 9*c - 2. Give u(4).
98
Let k(f) = -20*f - 750. Calculate k(-35).
-50
Let g(f) = 37*f - 1322. Calculate g(36).
10
Let i(x) = x**3 - 31*x**2 + 1004*x - 33147. What is i(32)?
5
Let x(t) = -2*t**2 + 230*t + 949. Determine x(119).
-3
Let t(j) = 15*j**3 + 2*j**2 + 24*j - 25. Give t(1).
16
Let v(h) = 124*h - 7306. Give v(59).
10
Let u(k) = -3*k**3 - 23*k**2 - 63*k - 25. Calculate u(-5).
90
Let j(c) = -2*c**3 - 30*c**2 - 18*c + 32. Calculate j(-14).
-108
Let h(u) = -93*u - 3. Calculate h(3).
-282
Let j(g) = -33*g**2 - 6*g - 1. Give j(-2).
-121
Let a(l) = -237*l - 459. Give a(-2).
15
Let h(y) = -142*y - 27833. Calculate h(-196).
-1
Let g(n) = 1720*n + 10243. Determine g(-6).
-77
Let a(n) = -2*n**2 - 49*n - 20. Determine a(-23).
49
Let x(o) = -60*o - 107. Give x(-4).
133
Let m(h) = 2*h**2 + 864*h + 1722. What is m(-2)?
2
Let l(h) = h**2 + 6*h - 70. Give l(16).
282
Let b(z) = -3*z**2 + z - 212. Determine b(0).
-212
Let l(u) = 296*u + 2995. Calculate l(-10).
35
Let n(m) = m**2 + 24*m + 22. Calculate n(-23).
-1
Let l(z) = z**3 - 8*z**2 + 31*z - 236. What is l(8)?
12
Let k(u) = 2*u**2 + 17*u + 44. Determine k(-19).
443
Let q(w) = -w**2 + 23*w + 192. Determine q(-8).
-56
Let r(m) = -34*m - 1463. Calculate r(-43).
-1
Let i(o) = o**3 + 22*o**2 - 200*o + 95. What is i(-29)?
8
Let d(c) = c**3 - 38*c**2 + 41*c - 145. Determine d(37).
3
Let l(w) = 23*w**2 - 753*w - 186. Calculate l(33).
12
Let p(f) = 20*f**2 - 448*f + 899. Determine p(2).
83
Let w(r) = 6*r - 58. Calculate w(4).
-34
Let c(y) = -3*y**2 - 81*y - 244. Determine c(-22).
86
Let j(x) = 8*x + 92. What is j(9)?
164
Let a(l) = -l**3 - 6*l**2 + 5*l + 58. What is a(-6)?
28
Let o(g) = 88*g + 450. What is o(-5)?
10
Let y(z) = -2*z**3 - 52*z**2 - 97*z + 33. Calculate y(-24).
57
Let k(c) = -161*c**2 + 649*c - 24. Determine k(4).
-4
Let d(z) = -31*z - 20. What is d(-1)?
11
Let y(s) = -1116*s - 18969. Calculate y(-17).
3
Let n(j) = 27*j - 115. Determine n(5).
20
Let c(l) = 6*l**3 + 29*l**2 - 8*l - 5. What is c(-6)?
-209
Let v(a) = 2*a**3 + 68*a**2 + 15*a + 2978. What is v(-35)?
3
Let u(b) = -b**3 - 23*b**2 - 54*b - 1. Determine u(-20).
-121
Let z(b) = 3*b**3 - 26*b**2 + 10*b + 4. Calculate z(8).
-44
Let i(l) = l**2 - 217*l + 4115. Calculate i(21).
-1
Let k(o) = 5*o**2 + 1174*o + 3264. Calculate k(-232).
16
Let w(t) = -87*t + 950. Determine w(11).
-7
Let v(o) = 598*o + 594. What is v(-1)?
-4
Let w(y) = -y**3 + 116*y**2 - 168*y - 6850. Calculate w(114).
-10
Let o(s) = -96*s - 220. What is o(-2)?
-28
Let g(s) = -27*s - 1071. Determine g(-40).
9
Let c(i) = 21*i**3 - 5*i + 6. Give c(1).
22
Let h(i) = -i**3 - 16*i**2 + 43*i + 23. Give h(-18).
-103
Let r(y) = y**3 - 17*y**2 - 16*y - 51. Calculate r(18).
-15
Let k(m) = 530*m - 1462. What is k(3)?
128
Let w(d) = 123*d + 731. Give w(-6).
-7
Let b(y) = -y**2 - 1120*y + 10157. What is b(9)?
-4
Let r(c) = 3*c**2 + 11*c - 7. Calculate r(8).
273
Let n(s) = -s**2 - 114*s - 1854. Give n(-95).
-49
Let x(h) = -13*h + 68. What is x(13)?
-101
Let c(y) = -y**2 + 8*y. Give c(7).
7
Let l(c) = 36*c**3 + c**2 + 14*c + 14. Give l(-1).
-35
Let n(x) = -742*x + 5938. Determine n(8).
2
Let f(u) = -u**3 - 48*u**2 - 166*u - 5591. What is f(-47)?
2
Let q(t) = t**3 - 9*t**2 + 8*t - 77. Determine q(9).
-5
Let c(z) = 3*z**2 - 818*z + 3227. Calculate c(4).
3
Let o(y) = -y**2 - 5*y + 3. Calculate o(-13).
-101
Let q(s) = s**2 + 34*s + 173. Give q(-27).
-16
Let n(q) = -q - 23. Give n(15).
-38
Let h(a) = -72*a - 10. What is h(3)?
-226
Let l(d) = -27*d**3 + 3*d**2 + 106*d + 102. Determine l(-1).
26
Let j(a) = -2*a**3 - 8*a**2 + 19*a + 71. Determine j(-7).
232
Let w(m) = m**2 + 41*m - 877. Give w(15).
-37
Let t(w) = 56*w - 19. Calculate t(-5).
-299
Let m(t) = -2*t**2 + 10*t + 74. Determine m(16).
-278
Let u(o) = 2*o**3 - 12*o**2 + 1763*o - 6997. Give u(4).
-9
Let b(v) = 3*v**2 + 82*v + 76. Determine b(-25).
-99
Let b(q) = -q**3 - 2*q + 6. Calculate b(-4).
78
Let x(r) = 24*r**2 - 409*r + 69. What is x(17)?
52
Let b(l) = l**3 + 2*l**2 + l - 230. What is b(0)?
-230
Let c(m) = -494*m - 30624. Calculate c(-62).
4
Let v(k) = 2193*k + 24115. What is v(-11)?
-8
Let w(r) = -r**2 + 100*r - 1698. Determine w(77).
73
Let n(v) = -2*v**2 - 105*v - 176. Calculate n(-51).
-23
Let l(j) = 23*j**3 + 6*j**2 + 85*j + 81. Determine l(-1).
-21
Let l(f) = f**3 + 97*f**2 - 196*f + 209. Give l(-99).
11
Let j(o) = -6458*o - 51672. Give j(-8).
-8
Let m(z) = -z**2 - 21*z + 46. What is m(-26)?
-84
Let c(i) = -59*i - 1661. What is c(-28)?
-9
Let m(d) = -50*d**2 + 337*d + 82. What is m(7)?
-9
Let a(i) = -2*i**3 - 80*i**2 - i - 43. Determine a(-40).
-3
Let h(g) = -3*g**3 - 2*g**2 + 8*g + 24. Give h(-2).
24
Let q(v) = -2*v**3 - 64*v**2 + 63*v - 74. Calculate q(-33).
25
Let a(p) = p**3 + 81*p**2 + 69*p - 929. Give a(-80).
-49
Let o(z) = z**3 - 9*z**2 + 11*z + 9. Calculate o(7).
-12
Let o(y) = -257*y - 13635. Determine o(-53).
-14
Let m(f) = f**2 - 75*f + 1034. Give m(16).
90
Let q(j) = 12*j**2 + 55*j - 32. Give q(-5).
-7
Let j(z) = -z**3 - 148*z + 431. What is j(3)?
-40
Let n(h) = h**3 - 3*h**2 - 506*h - 36. What is n(-21)?
6
Let v(h) = -16*h**3 + 5*h**2 - 5*h - 34. What is v(0)?
-34
Let c(j) = 7*j**2 - 193*j - 295. Determine c(29).
-5
Let v(x) = x**3 + 6*x**2 - 77*x - 513. What is v(-7)?
-23
Let q(u) = -3*u**2 - 191*u - 306. Determine q(-62).
4
Let b(t) = 17*t**2 + 817*t + 34. What is b(-48)?
-14
Let u(g) = -3*g**3 - 52*g**2 - 25*g - 122. Give u(-17).
14
Let q(o) = o**2 - 3*o - 119. Calculate q(-10).
11
Let t(b) = b**3 + 43*b**2 + 7*b + 310. Calculate t(-43).
9
Let y(l) = -24*l**2 + 312*l + 8. Determine y(13).
8
Let y(l) = -6*l**3 + 327*l**2 + 168*l - 161. Give y(55).
4
Let h(p) = -4*p**2 + 47*p + 536. Determine h(-7).
11
Let g(z) = -z**3 - 6*z**2 + 53*z + 298. What is g(-6)?
-20
Let v(h) = -663*h - 3960. Determine v(-6).
18
Let p(o) = -14*o - 334. Calculate p(-20).
-54
Let t(a) = a**3 - 25*a**2 - 23*a - 18. Give t(26).
60
Let y(c) = -5352*c + 396043. Determine y(74).
-5
Let q(c) = 28*c + 150. Give q(-13).
-214
